{"id":488,"date":"2026-02-17T11:37:32","date_gmt":"2026-02-17T10:37:32","guid":{"rendered":"https:\/\/mirko2026.de\/?page_id=488"},"modified":"2026-04-10T20:05:27","modified_gmt":"2026-04-10T18:05:27","slug":"programm","status":"publish","type":"page","link":"https:\/\/mirko2026.de\/index.php\/programm\/","title":{"rendered":"Programm"},"content":{"rendered":"\n<h2>\n\t\t\t2 Tage volles Programm -Du entscheidest, wie sie aussehen\t<\/h2>\n\t<p>Willst Du Impulse f\u00fcr deine <strong>berufliche Weiterentwicklung<\/strong> mitnehmen?<\/p>\n<p>Willst Du <strong>Leipzig erleben<\/strong>?<\/p>\n<p>Oder willst Du etwas <strong>ausprobieren<\/strong>, das Du sonst nicht machen w\u00fcrdest?<\/p>\n<p>Bei der MirKo ist <strong>ALLES<\/strong> m\u00f6glich &#8211; und Du w\u00e4hlst selbst, wie Dein individuelles Programm aussieht.<\/p>\n\t\t\t<a href=\"https:\/\/event-online.org\/mirko2026\/?action=events_kalender&#038;datum=2026-06-12&#038;ak=&#038;typ=0\"  target=\"_blank\" rel=\"noopener\"    rel=\"noopener\">\n\t\t\t\t\t\tHier Geht&#8217;s zur Buchung der Programmpunkte\n\t\t\t\t\t<\/a>\n<figure itemscope itemtype=\"https:\/\/schema.org\/ImageObject\">\n\t\t\t\t<img decoding=\"async\" src=\"https:\/\/mirko2026.de\/wp-content\/uploads\/2026\/02\/Ausprobieren.png\" alt=\"Business\" height=\"486\" width=\"485\" title=\"Business\" onerror=\"this.style.display='none'\" loading=\"lazy\" \/>\n\t<\/figure>\n<h3>\n\t\t\tBusiness und Perspektiven\t<\/h3>\n\t<p>Tu etwas f\u00fcr deine berufliche und pers\u00f6nliche Weiterbildung. Bei einer Unternehmensbesichtigung oder einem Workshop kannst du viele wertvolle Impulse mitnehmen.<\/p>\n<p><strong>Sneak Peak:<\/strong><\/p>\n<ul>\n<li>Workshop: Deine Zielgruppe kauft nicht, Menschen schon<\/li>\n<li>Impuls: Verantwortung an Mitarbeiter \u00fcbergeben &#8211; aber richtig.<\/li>\n<li>Tour durch die Media City<\/li>\n<li>F\u00fchrung durch die Sternburg Brauerei<\/li>\n<\/ul>\n<figure itemscope itemtype=\"https:\/\/schema.org\/ImageObject\">\n\t\t\t\t<img decoding=\"async\" src=\"https:\/\/mirko2026.de\/wp-content\/uploads\/2026\/02\/Leipzig-erleben.png\" alt=\"Leipzig erleben\" height=\"486\" width=\"495\" title=\"Leipzig erleben\" onerror=\"this.style.display='none'\" loading=\"lazy\" \/>\n\t<\/figure>\n<h3>\n\t\t\tLeipzig entdecken\t<\/h3>\n\t<p>Erlebe Leipzig von seiner besonderen Seite. Mach die Stadt zu deinem Konferenzerlebnis, entspannt bei verschiedenen Bootstouren oder Besichtigungen bekannter Sehensw\u00fcrdigkeiten.<\/p>\n<p><strong>Sneak Peak:<\/strong><\/p>\n<ul>\n<li>Sektfr\u00fchst\u00fcck auf dem Karl-Heine-Kanal<\/li>\n<li>Oper Leipzig: F\u00fchrung hinter den Kulissen<\/li>\n<li>Stadtspiel Schnitzeljagd: Leipzig S\u00fcdvorstadt (Gruppe 2)<\/li>\n<li>Panometer Leipzig<\/li>\n<\/ul>\n<figure itemscope itemtype=\"https:\/\/schema.org\/ImageObject\">\n\t\t\t\t<img decoding=\"async\" src=\"https:\/\/mirko2026.de\/wp-content\/uploads\/2026\/02\/Business.png\" alt=\"Ausbprobieren\" height=\"474\" width=\"516\" title=\"Ausbprobieren\" onerror=\"this.style.display='none'\" loading=\"lazy\" \/>\n\t<\/figure>\n<h3>\n\t\t\tAusprobieren und Erleben\t<\/h3>\n\t<p>Die MiRKo ist Deine Chance, etwas auszuprobieren, was du sonst nicht machen w\u00fcrdest. Trau dich! Unter Wirtschaftsjunioren und -juniorinnen macht es besonders viel Spa\u00df!<\/p>\n<p><strong>Sneak Peak:<\/strong><\/p>\n<ul>\n<li>Workshop: Improtheater &#8211; Lasst uns spielen(d) lernen!<\/li>\n<li>Workshop: Rope Skipping<\/li>\n<li>Zauberkurs<\/li>\n<li>Golf-Schnupperturnier<\/li>\n<\/ul>\n<p>&nbsp;<\/p>\n<figure itemscope itemtype=\"https:\/\/schema.org\/ImageObject\">\n\t\t\t\t<img decoding=\"async\" src=\"https:\/\/mirko2026.de\/wp-content\/uploads\/2026\/02\/Felix-1536x504.jpg\" alt=\"Felix\" height=\"504\" width=\"1536\" title=\"Felix\" onerror=\"this.style.display='none'\" loading=\"lazy\" \/>\n\t<\/figure>\n<h2>\n\t\t\tWelcome Abend im Felix\t<\/h2>\n\t<p>Der Freitagabend beginnt \u00fcber den D\u00e4chern der Stadt, mitten im Zentrum, direkt am Augustusplatz. Mit Blick auf den MDR-Turm, das Gewandhaus und die Oper kommt ihr an, trefft alte und neue Bekannte und Freunde.<\/p>\n<p>Ein entspannter Abend mit Afterparty im Zentrum.<\/p>\n\t<strong>Felix im Staycity Leipzig<br \/>\nEtage 7 (erreichbar \u00fcber die Bar im 6. Stock)<\/strong>\nAugustusplatz 1-3<br \/>\n04109 Leipzig\n<h2>\n\t\t\tGala-Abend im Da Capo\t<\/h2>\n\t<p>Der H\u00f6hepunkt der Konferenz f\u00fchrt uns in den hippen Westen der Stadt. Dort, wo fr\u00fcher das industrielle Herz Leipzigs war, erleben wir einen Abend der Extraklasse.<\/p>\n<p>Begebt euch in eure feinsten Kleider, esst herrschaftlich, trinkt gen\u00fcsslich und genie\u00dft einen Abend der Extraklasse.<\/p>\n<p>Die Band des Abends wird die Tanzfl\u00e4che zum kochen bringen. Ob Standard oder freier Tan, es wird ein unvergesslicher Abend.<\/p>\n<p>Doch bevor es losgeht, habt ihr Gelegenheit, durch die Oldtimer Ausstellung zu schlendern.<\/p>\n\t<p><strong>Da Capo Oldtimermuseum &amp; Eventhalle<\/strong><\/p>\nKarl-Heine-Str. 105<br \/>\n04229 Leipzig\n<figure itemscope itemtype=\"https:\/\/schema.org\/ImageObject\">\n\t\t\t\t<img decoding=\"async\" src=\"https:\/\/mirko2026.de\/wp-content\/uploads\/2026\/02\/Da-Capo.webp\" alt=\"Da Capo\" height=\"1484\" width=\"2208\" title=\"Da Capo\" onerror=\"this.style.display='none'\" loading=\"lazy\" \/>\n\t<\/figure>\n<figure itemscope itemtype=\"https:\/\/schema.org\/ImageObject\">\n\t\t\t\t<img decoding=\"async\" src=\"https:\/\/mirko2026.de\/wp-content\/uploads\/2025\/03\/Leipzig-Augustusplatz-scaled.jpg\" alt=\"Leipzig Augustusplatz\" height=\"1920\" width=\"2560\" title=\"Leipzig Augustusplatz\" onerror=\"this.style.display='none'\" loading=\"lazy\" \/>\n\t<\/figure>\n<h2>\n\t\t\tFarewell Brunch\t<\/h2>\n\t<p>Sonntag kannst Du Dich beim Farewell Brunch in Ruhe verabschieden und das Wochenende entspannt abschlie\u00dfen.<\/p>\n<p>Ort: tbd<\/p>\n<h2>\n\t\t\tProgrammpartner\t<\/h2>\n<figure itemscope itemtype=\"https:\/\/schema.org\/ImageObject\">\n\t\t\t\t<a href=\"https:\/\/florian.rocks\/\"  target=\"_blank\" rel=\"noopener\"  itemprop=\"url\">\n\t\t\t\t<img decoding=\"async\" src=\"https:\/\/mirko2026.de\/wp-content\/uploads\/2026\/03\/SonsStandard-Colour-scaled.png\" alt=\"SonsStandard Colour\" height=\"1944\" width=\"2560\" title=\"SonsStandard Colour\" onerror=\"this.style.display='none'\" loading=\"lazy\" \/>\n\t\t\t\t<\/a>\n\t<\/figure>\n<figure itemscope itemtype=\"https:\/\/schema.org\/ImageObject\">\n\t\t\t\t<a href=\"https:\/\/hr-leichtigkeit.de\/\"  target=\"_blank\" rel=\"noopener\"  itemprop=\"url\">\n\t\t\t\t<img decoding=\"async\" src=\"https:\/\/mirko2026.de\/wp-content\/uploads\/2026\/01\/Logo_HR-Leichtigkeit.png\" alt=\"Logo_HR-Leichtigkeit\" height=\"248\" width=\"1200\" title=\"Logo_HR-Leichtigkeit\" onerror=\"this.style.display='none'\" loading=\"lazy\" \/>\n\t\t\t\t<\/a>\n\t<\/figure>\n<figure itemscope itemtype=\"https:\/\/schema.org\/ImageObject\">\n\t\t\t\t<a href=\"https:\/\/www.panometer.de\/homepage\"  target=\"_blank\" rel=\"noopener\"  itemprop=\"url\">\n\t\t\t\t<img decoding=\"async\" src=\"https:\/\/mirko2026.de\/wp-content\/uploads\/2026\/03\/Bildschirmfoto-2026-03-04-um-10.05.14.png\" alt=\"Bildschirmfoto 2026-03-04 um 10.05.14\" height=\"120\" width=\"354\" title=\"Bildschirmfoto 2026-03-04 um 10.05.14\" onerror=\"this.style.display='none'\" loading=\"lazy\" \/>\n\t\t\t\t<\/a>\n\t<\/figure>\n<figure itemscope itemtype=\"https:\/\/schema.org\/ImageObject\">\n\t\t\t\t<a href=\"https:\/\/rehamedi.de\/\"  target=\"_blank\" rel=\"noopener\"  itemprop=\"url\">\n\t\t\t\t<img decoding=\"async\" src=\"https:\/\/mirko2026.de\/wp-content\/uploads\/2026\/03\/image-1.png\" alt=\"image (1)\" height=\"225\" width=\"225\" title=\"image (1)\" onerror=\"this.style.display='none'\" loading=\"lazy\" \/>\n\t\t\t\t<\/a>\n\t<\/figure>\n<figure itemscope itemtype=\"https:\/\/schema.org\/ImageObject\">\n\t\t\t\t<a href=\"https:\/\/www.instagram.com\/nine_jumps\/\"  target=\"_blank\" rel=\"noopener\"  itemprop=\"url\">\n\t\t\t\t<img decoding=\"async\" src=\"https:\/\/mirko2026.de\/wp-content\/uploads\/2026\/03\/Bildschirmfoto-2026-03-04-um-10.01.56.png\" alt=\"Bildschirmfoto 2026-03-04 um 10.01.56\" height=\"1648\" width=\"2362\" title=\"Bildschirmfoto 2026-03-04 um 10.01.56\" onerror=\"this.style.display='none'\" loading=\"lazy\" \/>\n\t\t\t\t<\/a>\n\t<\/figure>\n<figure itemscope itemtype=\"https:\/\/schema.org\/ImageObject\">\n\t\t\t\t<a href=\"https:\/\/www.lefx.de\/\"  target=\"_blank\" rel=\"noopener\"  itemprop=\"url\">\n\t\t\t\t<img decoding=\"async\" src=\"https:\/\/mirko2026.de\/wp-content\/uploads\/2026\/03\/LEFX_Logo_farbig-schwarz_large-scaled.png\" alt=\"LEFX_Logo_farbig schwarz_large\" height=\"760\" width=\"2560\" title=\"LEFX_Logo_farbig schwarz_large\" onerror=\"this.style.display='none'\" loading=\"lazy\" \/>\n\t\t\t\t<\/a>\n\t<\/figure>\n<figure itemscope itemtype=\"https:\/\/schema.org\/ImageObject\">\n\t\t\t\t<a href=\"https:\/\/www.w3work.de\/\"  target=\"_self\" itemprop=\"url\">\n\t\t\t\t<img decoding=\"async\" src=\"https:\/\/mirko2026.de\/wp-content\/uploads\/2026\/03\/w3work_logo_2021-1.png\" alt=\"w3work_logo_2021\" height=\"385\" width=\"860\" title=\"w3work_logo_2021\" onerror=\"this.style.display='none'\" loading=\"lazy\" \/>\n\t\t\t\t<\/a>\n\t<\/figure>\n<figure itemscope itemtype=\"https:\/\/schema.org\/ImageObject\">\n\t\t\t\t<a href=\"https:\/\/www.bayerischer-bahnhof.de\/\"  target=\"_blank\" rel=\"noopener\"  itemprop=\"url\">\n\t\t\t\t<img decoding=\"async\" src=\"https:\/\/mirko2026.de\/wp-content\/uploads\/2026\/03\/Logo-Bayerischer-Bahnhof.jpeg\" alt=\"Logo Bayerischer Bahnhof\" height=\"1003\" width=\"1280\" title=\"Logo Bayerischer Bahnhof\" onerror=\"this.style.display='none'\" loading=\"lazy\" \/>\n\t\t\t\t<\/a>\n\t<\/figure>\n<figure itemscope itemtype=\"https:\/\/schema.org\/ImageObject\">\n\t\t\t\t<a href=\"https:\/\/storemore.com\/standorte\/leipzig-suedvorstadt\"  target=\"_blank\" rel=\"noopener\"  itemprop=\"url\">\n\t\t\t\t<img decoding=\"async\" src=\"https:\/\/mirko2026.de\/wp-content\/uploads\/2026\/04\/image-1.png\" alt=\"Storemore Logo\" height=\"200\" width=\"800\" title=\"Storemore Logo\" onerror=\"this.style.display='none'\" loading=\"lazy\" \/>\n\t\t\t\t<\/a>\n\t<\/figure>\n<figure itemscope itemtype=\"https:\/\/schema.org\/ImageObject\">\n\t\t\t\t<a href=\"https:\/\/reikiropes.wordpress.com\/\"  target=\"_blank\" rel=\"noopener\"  itemprop=\"url\">\n\t\t\t\t<img decoding=\"async\" src=\"https:\/\/mirko2026.de\/wp-content\/uploads\/2026\/03\/Logo-SW-MK-Reikiropes.png\" alt=\"Logo-SW-MK Reikiropes\" height=\"738\" width=\"492\" title=\"Logo-SW-MK Reikiropes\" onerror=\"this.style.display='none'\" loading=\"lazy\" \/>\n\t\t\t\t<\/a>\n\t<\/figure>\n<figure itemscope itemtype=\"https:\/\/schema.org\/ImageObject\">\n\t\t\t\t<a href=\"https:\/\/www.jucreation.de\/\"  target=\"_blank\" rel=\"noopener\"  itemprop=\"url\">\n\t\t\t\t<img decoding=\"async\" src=\"https:\/\/mirko2026.de\/wp-content\/uploads\/2026\/03\/Logo_jucreation-1024x474.png\" alt=\"Logo_jucreation\" height=\"474\" width=\"1024\" title=\"Logo_jucreation\" onerror=\"this.style.display='none'\" loading=\"lazy\" \/>\n\t\t\t\t<\/a>\n\t<\/figure>\n<figure itemscope itemtype=\"https:\/\/schema.org\/ImageObject\">\n\t\t\t\t<a href=\"http:\/\/www.mca.de\/event\"  target=\"_blank\" rel=\"noopener\"  itemprop=\"url\">\n\t\t\t\t<img decoding=\"async\" src=\"https:\/\/mirko2026.de\/wp-content\/uploads\/2026\/03\/MCA_Logo2022_rgb.png\" alt=\"MCA\" height=\"418\" width=\"2291\" title=\"MCA\" onerror=\"this.style.display='none'\" loading=\"lazy\" \/>\n\t\t\t\t<\/a>\n\t<\/figure>\n<figure itemscope itemtype=\"https:\/\/schema.org\/ImageObject\">\n\t\t\t\t<a href=\"http:\/\/www.institutfuertatendrang.de\/\"  target=\"_blank\" rel=\"noopener\"  itemprop=\"url\">\n\t\t\t\t<img decoding=\"async\" src=\"https:\/\/mirko2026.de\/wp-content\/uploads\/2026\/03\/Logo_Institut-fuer-Tatendrang_mit-Untertitel.png\" alt=\"Logo_Institut fu\u0308r Tatendrang_mit Untertitel\" height=\"405\" width=\"1080\" title=\"Logo_Institut fu\u0308r Tatendrang_mit Untertitel\" onerror=\"this.style.display='none'\" loading=\"lazy\" \/>\n\t\t\t\t<\/a>\n\t<\/figure>\n<figure itemscope itemtype=\"https:\/\/schema.org\/ImageObject\">\n\t\t\t\t<a href=\"https:\/\/www.stadtspiel-schnitzeljagd.de\/leipzig\"  target=\"_blank\" rel=\"noopener\"  itemprop=\"url\">\n\t\t\t\t<img decoding=\"async\" src=\"https:\/\/mirko2026.de\/wp-content\/uploads\/2026\/03\/Bildschirmfoto_17-3-2026_215215_.jpeg\" alt=\"Bildschirmfoto_17-3-2026_215215_\" height=\"1074\" width=\"820\" title=\"Bildschirmfoto_17-3-2026_215215_\" onerror=\"this.style.display='none'\" loading=\"lazy\" \/>\n\t\t\t\t<\/a>\n\t<\/figure>\n<figure itemscope itemtype=\"https:\/\/schema.org\/ImageObject\">\n\t\t\t\t<a href=\"https:\/\/www.bachfestleipzig.de\/de\/bachfest\/bachfest-2026-tickets-und-programm\"  target=\"_blank\" rel=\"noopener\"  itemprop=\"url\">\n\t\t\t\t<img decoding=\"async\" src=\"https:\/\/mirko2026.de\/wp-content\/uploads\/2026\/03\/Bachfest-Logo.jpeg\" alt=\"Bachfest Logo\" height=\"474\" width=\"670\" title=\"Bachfest Logo\" onerror=\"this.style.display='none'\" loading=\"lazy\" \/>\n\t\t\t\t<\/a>\n\t<\/figure>\n<figure itemscope itemtype=\"https:\/\/schema.org\/ImageObject\">\n\t\t\t\t<a href=\"https:\/\/zaubertim.de\/\"  target=\"_blank\" rel=\"noopener\"  itemprop=\"url\">\n\t\t\t\t<img decoding=\"async\" src=\"https:\/\/mirko2026.de\/wp-content\/uploads\/2026\/03\/Logo-TOLLE-scaled.png\" alt=\"Logo TOLLE\" height=\"2560\" width=\"1207\" title=\"Logo TOLLE\" onerror=\"this.style.display='none'\" loading=\"lazy\" \/>\n\t\t\t\t<\/a>\n\t<\/figure>\n<figure itemscope itemtype=\"https:\/\/schema.org\/ImageObject\">\n\t\t\t\t<a href=\"https:\/\/www.timhard.com\/\"  target=\"_blank\" rel=\"noopener\"  itemprop=\"url\">\n\t\t\t\t<img decoding=\"async\" src=\"https:\/\/mirko2026.de\/wp-content\/uploads\/2026\/03\/Bildschirmfoto-2026-03-04-um-10.19.02.png\" alt=\"Bildschirmfoto 2026-03-04 um 10.19.02\" height=\"150\" width=\"988\" title=\"Bildschirmfoto 2026-03-04 um 10.19.02\" onerror=\"this.style.display='none'\" loading=\"lazy\" \/>\n\t\t\t\t<\/a>\n\t<\/figure>\n<figure itemscope itemtype=\"https:\/\/schema.org\/ImageObject\">\n\t\t\t\t<a href=\"https:\/\/xn--glserne3dfabrik-1kb.de\/location\/\"  target=\"_blank\" rel=\"noopener\"  itemprop=\"url\">\n\t\t\t\t<img decoding=\"async\" src=\"https:\/\/mirko2026.de\/wp-content\/uploads\/2026\/03\/image-3.png\" alt=\"image (3)\" height=\"1772\" width=\"1772\" title=\"image (3)\" onerror=\"this.style.display='none'\" loading=\"lazy\" \/>\n\t\t\t\t<\/a>\n\t<\/figure>\n<figure itemscope itemtype=\"https:\/\/schema.org\/ImageObject\">\n\t\t\t\t<a href=\"https:\/\/agentur-barrierefreie-website.de\/\"  target=\"_self\" itemprop=\"url\">\n\t\t\t\t<img decoding=\"async\" src=\"https:\/\/mirko2026.de\/wp-content\/uploads\/2026\/03\/20111116_RZ_Logo_kommundis-alpha_breit_ohne-claim_4c.png\" alt=\"20111116_RZ_Logo_kommundis-alpha_breit_ohne claim_4c\" height=\"108\" width=\"621\" title=\"20111116_RZ_Logo_kommundis-alpha_breit_ohne claim_4c\" onerror=\"this.style.display='none'\" loading=\"lazy\" \/>\n\t\t\t\t<\/a>\n\t<\/figure>\n<figure itemscope itemtype=\"https:\/\/schema.org\/ImageObject\">\n\t\t\t\t<a href=\"https:\/\/www.lefx.de\/\"  target=\"_blank\" rel=\"noopener\"  itemprop=\"url\">\n\t\t\t\t<img decoding=\"async\" src=\"https:\/\/mirko2026.de\/wp-content\/uploads\/2026\/03\/Oper_Leipzig_Logo.svg_.png\" alt=\"Oper_Leipzig_Logo.svg\" height=\"575\" width=\"960\" title=\"Oper_Leipzig_Logo.svg\" onerror=\"this.style.display='none'\" loading=\"lazy\" \/>\n\t\t\t\t<\/a>\n\t<\/figure>\n<figure itemscope itemtype=\"https:\/\/schema.org\/ImageObject\">\n\t\t\t\t<img decoding=\"async\" src=\"https:\/\/mirko2026.de\/wp-content\/uploads\/2026\/03\/CBTK_Logo_Vektor_Symbol.png\" alt=\"CBTK_Logo_Vektor_Symbol\" height=\"179\" width=\"179\" title=\"CBTK_Logo_Vektor_Symbol\" onerror=\"this.style.display='none'\" loading=\"lazy\" \/>\n\t<\/figure>\n<figure itemscope itemtype=\"https:\/\/schema.org\/ImageObject\">\n\t\t\t\t<a href=\"https:\/\/denisekillmann.de\/\"  target=\"_self\" itemprop=\"url\">\n\t\t\t\t<img decoding=\"async\" src=\"https:\/\/mirko2026.de\/wp-content\/uploads\/2026\/03\/Denise-Killmann.png\" alt=\"Denise Killmann\" height=\"212\" width=\"1312\" title=\"Denise Killmann\" onerror=\"this.style.display='none'\" loading=\"lazy\" \/>\n\t\t\t\t<\/a>\n\t<\/figure>\n<figure itemscope itemtype=\"https:\/\/schema.org\/ImageObject\">\n\t\t\t\t<a href=\"https:\/\/www.aendertainerin.de\"  target=\"_blank\" rel=\"noopener\"  itemprop=\"url\">\n\t\t\t\t<img decoding=\"async\" src=\"https:\/\/mirko2026.de\/wp-content\/uploads\/2026\/03\/Annekatrin-Michler.png\" alt=\"Annekatrin Michler\" height=\"400\" width=\"1532\" title=\"Annekatrin Michler\" onerror=\"this.style.display='none'\" loading=\"lazy\" \/>\n\t\t\t\t<\/a>\n\t<\/figure>\n<figure itemscope itemtype=\"https:\/\/schema.org\/ImageObject\">\n\t\t\t\t<a href=\"https:\/\/www.spinnerei.de\/\"  target=\"_blank\" rel=\"noopener\"  itemprop=\"url\">\n\t\t\t\t<img decoding=\"async\" src=\"https:\/\/mirko2026.de\/wp-content\/uploads\/2026\/03\/spinnerei-logo-rot.jpg\" alt=\"spinnerei-logo-rot\" height=\"866\" width=\"2000\" title=\"spinnerei-logo-rot\" onerror=\"this.style.display='none'\" loading=\"lazy\" \/>\n\t\t\t\t<\/a>\n\t<\/figure>\n<figure itemscope itemtype=\"https:\/\/schema.org\/ImageObject\">\n\t\t\t\t<a href=\"https:\/\/www.sternburg-bier.de\/\"  target=\"_blank\" rel=\"noopener\"  itemprop=\"url\">\n\t\t\t\t<img decoding=\"async\" src=\"https:\/\/mirko2026.de\/wp-content\/uploads\/2026\/03\/image-2.png\" alt=\"image (2)\" height=\"1420\" width=\"2000\" title=\"image (2)\" onerror=\"this.style.display='none'\" loading=\"lazy\" \/>\n\t\t\t\t<\/a>\n\t<\/figure>\n<figure itemscope itemtype=\"https:\/\/schema.org\/ImageObject\">\n\t\t\t\t<a href=\"https:\/\/networking-queen.de\/\"  target=\"_blank\" rel=\"noopener\"  itemprop=\"url\">\n\t\t\t\t<img decoding=\"async\" src=\"https:\/\/mirko2026.de\/wp-content\/uploads\/2026\/01\/Logo-NQ.PNG.png\" alt=\"Logo NQ.PNG\" height=\"923\" width=\"935\" title=\"Logo NQ.PNG\" onerror=\"this.style.display='none'\" loading=\"lazy\" \/>\n\t\t\t\t<\/a>\n\t<\/figure>\n<figure itemscope itemtype=\"https:\/\/schema.org\/ImageObject\">\n\t\t\t\t<a href=\"https:\/\/www.auerbachs-keller-leipzig.de\/\"  target=\"_blank\" rel=\"noopener\"  itemprop=\"url\">\n\t\t\t\t<img decoding=\"async\" src=\"https:\/\/mirko2026.de\/wp-content\/uploads\/2026\/03\/AK_500_Jubi_Logo_1525_RUND.jpg\" alt=\"Logo Auerbachs Keller\" height=\"1277\" width=\"993\" title=\"Logo Auerbachs Keller\" onerror=\"this.style.display='none'\" loading=\"lazy\" \/>\n\t\t\t\t<\/a>\n\t<\/figure>\n<figure itemscope itemtype=\"https:\/\/schema.org\/ImageObject\">\n\t\t\t\t<a href=\"https:\/\/r42.gg\/\"  target=\"_blank\" rel=\"noopener\"  itemprop=\"url\">\n\t\t\t\t<img decoding=\"async\" src=\"https:\/\/mirko2026.de\/wp-content\/uploads\/2026\/04\/image-2.png\" alt=\"R42 Leipzig Logo\" height=\"1306\" width=\"1392\" title=\"R42 Leipzig Logo\" onerror=\"this.style.display='none'\" loading=\"lazy\" \/>\n\t\t\t\t<\/a>\n\t<\/figure>\n<h2>\n\t\t\tProgrammteaser\t<\/h2>\n\n","protected":false},"excerpt":{"rendered":"<p>2 Tage volles Programm -Du entscheidest, wie sie aussehen Willst Du Impulse f\u00fcr deine berufliche Weiterentwicklung mitnehmen? Willst Du Leipzig erleben? Oder willst Du etwas ausprobieren, das Du sonst nicht machen w\u00fcrdest? Bei der MirKo ist ALLES m\u00f6glich &#8211; und Du w\u00e4hlst selbst, wie Dein individuelles Programm aussieht. Hier Geht&#8217;s zur Buchung der Programmpunkte Business&hellip;<\/p>\n","protected":false},"author":2,"featured_media":0,"parent":0,"menu_order":0,"comment_status":"closed","ping_status":"closed","template":"","meta":{"footnotes":""},"class_list":["post-488","page","type-page","status-publish","hentry"],"yoast_head":"<!-- This site is optimized with the Yoast SEO plugin v27.2 - https:\/\/yoast.com\/product\/yoast-seo-wordpress\/ -->\n<title>Programm - Mirko 2026 Leipzig<\/title>\n<meta name=\"robots\" content=\"index, follow, max-snippet:-1, max-image-preview:large, max-video-preview:-1\" \/>\n<link rel=\"canonical\" href=\"https:\/\/mirko2026.de\/index.php\/programm\/\" \/>\n<meta property=\"og:locale\" content=\"de_DE\" \/>\n<meta property=\"og:type\" content=\"article\" \/>\n<meta property=\"og:title\" content=\"Programm - Mirko 2026 Leipzig\" \/>\n<meta property=\"og:description\" content=\"2 Tage volles Programm -Du entscheidest, wie sie aussehen Willst Du Impulse f\u00fcr deine berufliche Weiterentwicklung mitnehmen? Willst Du Leipzig erleben? Oder willst Du etwas ausprobieren, das Du sonst nicht machen w\u00fcrdest? Bei der MirKo ist ALLES m\u00f6glich &#8211; und Du w\u00e4hlst selbst, wie Dein individuelles Programm aussieht. Hier Geht&#8217;s zur Buchung der Programmpunkte Business&hellip;\" \/>\n<meta property=\"og:url\" content=\"https:\/\/mirko2026.de\/index.php\/programm\/\" \/>\n<meta property=\"og:site_name\" content=\"Mirko 2026 Leipzig\" \/>\n<meta property=\"article:modified_time\" content=\"2026-04-10T18:05:27+00:00\" \/>\n<meta property=\"og:image\" content=\"https:\/\/mirko2026.de\/wp-content\/uploads\/2026\/02\/Ausprobieren.png\" \/>\n<meta name=\"twitter:card\" content=\"summary_large_image\" \/>\n<meta name=\"twitter:label1\" content=\"Gesch\u00e4tzte Lesezeit\" \/>\n\t<meta name=\"twitter:data1\" content=\"5\u00a0Minuten\" \/>\n<script type=\"application\/ld+json\" class=\"yoast-schema-graph\">{\"@context\":\"https:\/\/schema.org\",\"@graph\":[{\"@type\":\"WebPage\",\"@id\":\"https:\/\/mirko2026.de\/index.php\/programm\/\",\"url\":\"https:\/\/mirko2026.de\/index.php\/programm\/\",\"name\":\"Programm - Mirko 2026 Leipzig\",\"isPartOf\":{\"@id\":\"https:\/\/mirko2026.de\/#website\"},\"primaryImageOfPage\":{\"@id\":\"https:\/\/mirko2026.de\/index.php\/programm\/#primaryimage\"},\"image\":{\"@id\":\"https:\/\/mirko2026.de\/index.php\/programm\/#primaryimage\"},\"thumbnailUrl\":\"https:\/\/mirko2026.de\/wp-content\/uploads\/2026\/02\/Ausprobieren.png\",\"datePublished\":\"2026-02-17T10:37:32+00:00\",\"dateModified\":\"2026-04-10T18:05:27+00:00\",\"breadcrumb\":{\"@id\":\"https:\/\/mirko2026.de\/index.php\/programm\/#breadcrumb\"},\"inLanguage\":\"de\",\"potentialAction\":[{\"@type\":\"ReadAction\",\"target\":[\"https:\/\/mirko2026.de\/index.php\/programm\/\"]}]},{\"@type\":\"ImageObject\",\"inLanguage\":\"de\",\"@id\":\"https:\/\/mirko2026.de\/index.php\/programm\/#primaryimage\",\"url\":\"https:\/\/mirko2026.de\/wp-content\/uploads\/2026\/02\/Ausprobieren.png\",\"contentUrl\":\"https:\/\/mirko2026.de\/wp-content\/uploads\/2026\/02\/Ausprobieren.png\",\"width\":485,\"height\":486},{\"@type\":\"BreadcrumbList\",\"@id\":\"https:\/\/mirko2026.de\/index.php\/programm\/#breadcrumb\",\"itemListElement\":[{\"@type\":\"ListItem\",\"position\":1,\"name\":\"Startseite\",\"item\":\"https:\/\/mirko2026.de\/\"},{\"@type\":\"ListItem\",\"position\":2,\"name\":\"Programm\"}]},{\"@type\":\"WebSite\",\"@id\":\"https:\/\/mirko2026.de\/#website\",\"url\":\"https:\/\/mirko2026.de\/\",\"name\":\"Mirko 2026 Leipzig\",\"description\":\"Leipzig verbindet.\",\"potentialAction\":[{\"@type\":\"SearchAction\",\"target\":{\"@type\":\"EntryPoint\",\"urlTemplate\":\"https:\/\/mirko2026.de\/?s={search_term_string}\"},\"query-input\":{\"@type\":\"PropertyValueSpecification\",\"valueRequired\":true,\"valueName\":\"search_term_string\"}}],\"inLanguage\":\"de\"}]}<\/script>\n<!-- \/ Yoast SEO plugin. -->","yoast_head_json":{"title":"Programm - Mirko 2026 Leipzig","robots":{"index":"index","follow":"follow","max-snippet":"max-snippet:-1","max-image-preview":"max-image-preview:large","max-video-preview":"max-video-preview:-1"},"canonical":"https:\/\/mirko2026.de\/index.php\/programm\/","og_locale":"de_DE","og_type":"article","og_title":"Programm - Mirko 2026 Leipzig","og_description":"2 Tage volles Programm -Du entscheidest, wie sie aussehen Willst Du Impulse f\u00fcr deine berufliche Weiterentwicklung mitnehmen? Willst Du Leipzig erleben? Oder willst Du etwas ausprobieren, das Du sonst nicht machen w\u00fcrdest? Bei der MirKo ist ALLES m\u00f6glich &#8211; und Du w\u00e4hlst selbst, wie Dein individuelles Programm aussieht. Hier Geht&#8217;s zur Buchung der Programmpunkte Business&hellip;","og_url":"https:\/\/mirko2026.de\/index.php\/programm\/","og_site_name":"Mirko 2026 Leipzig","article_modified_time":"2026-04-10T18:05:27+00:00","og_image":[{"url":"https:\/\/mirko2026.de\/wp-content\/uploads\/2026\/02\/Ausprobieren.png","type":"","width":"","height":""}],"twitter_card":"summary_large_image","twitter_misc":{"Gesch\u00e4tzte Lesezeit":"5\u00a0Minuten"},"schema":{"@context":"https:\/\/schema.org","@graph":[{"@type":"WebPage","@id":"https:\/\/mirko2026.de\/index.php\/programm\/","url":"https:\/\/mirko2026.de\/index.php\/programm\/","name":"Programm - Mirko 2026 Leipzig","isPartOf":{"@id":"https:\/\/mirko2026.de\/#website"},"primaryImageOfPage":{"@id":"https:\/\/mirko2026.de\/index.php\/programm\/#primaryimage"},"image":{"@id":"https:\/\/mirko2026.de\/index.php\/programm\/#primaryimage"},"thumbnailUrl":"https:\/\/mirko2026.de\/wp-content\/uploads\/2026\/02\/Ausprobieren.png","datePublished":"2026-02-17T10:37:32+00:00","dateModified":"2026-04-10T18:05:27+00:00","breadcrumb":{"@id":"https:\/\/mirko2026.de\/index.php\/programm\/#breadcrumb"},"inLanguage":"de","potentialAction":[{"@type":"ReadAction","target":["https:\/\/mirko2026.de\/index.php\/programm\/"]}]},{"@type":"ImageObject","inLanguage":"de","@id":"https:\/\/mirko2026.de\/index.php\/programm\/#primaryimage","url":"https:\/\/mirko2026.de\/wp-content\/uploads\/2026\/02\/Ausprobieren.png","contentUrl":"https:\/\/mirko2026.de\/wp-content\/uploads\/2026\/02\/Ausprobieren.png","width":485,"height":486},{"@type":"BreadcrumbList","@id":"https:\/\/mirko2026.de\/index.php\/programm\/#breadcrumb","itemListElement":[{"@type":"ListItem","position":1,"name":"Startseite","item":"https:\/\/mirko2026.de\/"},{"@type":"ListItem","position":2,"name":"Programm"}]},{"@type":"WebSite","@id":"https:\/\/mirko2026.de\/#website","url":"https:\/\/mirko2026.de\/","name":"Mirko 2026 Leipzig","description":"Leipzig verbindet.","potentialAction":[{"@type":"SearchAction","target":{"@type":"EntryPoint","urlTemplate":"https:\/\/mirko2026.de\/?s={search_term_string}"},"query-input":{"@type":"PropertyValueSpecification","valueRequired":true,"valueName":"search_term_string"}}],"inLanguage":"de"}]}},"_links":{"self":[{"href":"https:\/\/mirko2026.de\/index.php\/wp-json\/wp\/v2\/pages\/488","targetHints":{"allow":["GET"]}}],"collection":[{"href":"https:\/\/mirko2026.de\/index.php\/wp-json\/wp\/v2\/pages"}],"about":[{"href":"https:\/\/mirko2026.de\/index.php\/wp-json\/wp\/v2\/types\/page"}],"author":[{"embeddable":true,"href":"https:\/\/mirko2026.de\/index.php\/wp-json\/wp\/v2\/users\/2"}],"replies":[{"embeddable":true,"href":"https:\/\/mirko2026.de\/index.php\/wp-json\/wp\/v2\/comments?post=488"}],"version-history":[{"count":11,"href":"https:\/\/mirko2026.de\/index.php\/wp-json\/wp\/v2\/pages\/488\/revisions"}],"predecessor-version":[{"id":584,"href":"https:\/\/mirko2026.de\/index.php\/wp-json\/wp\/v2\/pages\/488\/revisions\/584"}],"wp:attachment":[{"href":"https:\/\/mirko2026.de\/index.php\/wp-json\/wp\/v2\/media?parent=488"}],"curies":[{"name":"wp","href":"https:\/\/api.w.org\/{rel}","templated":true}]}}